 281, 2803
What are the prime factors of 74282330?
2, 5, 71, 104623
What are the prime factors of 633791358?
2, 3, 23, 510299
What are the prime factors of 128928374?
2, 17, 29, 229, 571
What are the prime factors of 46381806?
2, 3, 2576767
List the prime factors of 1507661210.
2, 5, 11, 19, 65579
List the prime factors of 187598631.
3, 11, 1987, 2861
List the prime factors of 6624341.
599, 11059
What are the prime factors of 323337893?
6133, 52721
What are the prime factors of 43914965?
5, 139, 179, 353
List the prime factors of 38853137.
31, 1253327
What are the prime factors of 6291404421?
3, 17, 123360871
What are the prime factors of 55904510?
2, 5, 101, 55351
What are the prime factors of 546405571?
227, 2407073
What are the prime factors of 256994862?
2, 3, 563, 76079
What are the prime factors of 1079569967?
7, 7687, 20063
What are the prime factors of 799309522?
2, 11, 36332251
List the prime factors of 4656308858.
2, 3313, 702733
List the prime factors of 636940346.
2, 7, 241, 188779
What are the prime factors of 1802905061?
193, 2791, 3347
What are the prime factors of 1019379526?
2, 11, 19, 37, 3469
What are the prime factors of 141236517?
3, 47078839
What are the prime factors of 108535620?
2, 3, 5, 23, 78649
List the prime factors of 80278286.
2, 11, 233, 15661
List the prime factors of 776235163.
11, 311, 226903
List the prime factors of 1191764765.
5, 11393, 20921
List the prime factors of 112326198.
2, 3, 18721033
What are the prime factors of 193462091?
17, 669419
List the prime factors of 2473532782.
2, 7, 176680913
What are the prime factors of 51830419?
31, 61, 27409
What are the prime factors of 61299808?
2, 1915619
List the prime factors of 33778792.
2, 2029, 2081
What are the prime factors of 1079103480?
2, 3, 5, 7, 13, 19, 743
What are the prime factors of 30591551?
17, 1799503
List the prime factors of 825538822.
2, 7079, 58309
What are the prime factors of 680596800?
2, 3, 5, 13, 839
List the prime factors of 228005849.
3863, 59023
What are the prime factors of 2351916567?
3, 7, 11, 13, 293
List the prime factors of 5862438117.
3, 17, 31, 72707
List the prime factors of 6349134.
2, 3, 11, 96199
List the prime factors of 366043834.
2, 13, 3673, 3833
What are the prime factors of 20029823?
11, 487, 3739
What are the prime factors of 58200584?
2, 13, 653, 857
What are the prime factors of 47585636?
2, 7, 29, 58603
List the prime factors of 47679631.
47679631
List the prime factors of 157879595.
5, 17, 1857407
What are the prime factors of 5638355651?
103, 54741317
List the prime factors of 182194183.
59, 653, 4729
What are the prime factors of 253535512?
2, 941, 33679
What are the prime factors of 560730760?
2, 5, 41, 181, 1889
List the prime factors of 6375799.
17, 113, 3319
List the prime factors of 116338560.
2, 3, 5, 13, 59, 79
What are the prime factors of 871785506?
2, 435892753
List the prime factors of 64091747.
64091747
What are the prime factors of 6211563?
3, 31, 66791
List the prime factors of 619940901.
3, 10337, 19991
List the prime factors of 5058307175.
5, 10723, 18869
What are the prime factors of 307890483?
3, 353, 290737
List the prime factors of 392839518.
2, 3, 65473253
List the prime factors of 71100604.
2, 17775151
What are the prime factors of 845564?
2, 137, 1543
What are the prime factors of 51476594?
2, 13, 971, 2039
List the prime factors of 1130027461.
17837, 63353
What are the prime factors of 162036511?
7, 13, 751, 2371
What are the prime factors of 33669414?
2, 3, 139, 13457
List the prime factors of 3816796590.
2, 3, 5, 53, 163, 4909
What are the prime factors of 876589942?
2, 438294971
What are the prime factors of 3148117?
7, 167, 2693
What are the prime factors of 1726202038?
2, 11, 751, 104479
List the prime factors of 44883217.
1459, 30763
List the prime factors of 57691819.
1093, 52783
List the prime factors of 198174190.
2, 5, 19817419
List the prime factors of 1122771578.
2, 31, 311, 58229
List the prime factors of 943704419.
7, 9127, 14771
List the prime factors of 84140424.
2, 3, 389539
What are the prime factors of 29296874?
2, 1487, 9851
What are the prime factors of 2501427363?
3, 833809121
What are the prime factors of 381459660?
2, 3, 5, 6357661
What are the prime factors of 1132741572?
2, 3, 94395131
What are the prime factors of 172157343?
3, 1103, 52027
List the prime factors of 226266151.
5641, 40111
List the prime factors of 1695308465.
5, 339061693
List the prime factors of 33996626.
2, 41, 59, 7027
List the prime factors of 1854267954.
2, 3, 7, 11, 4013567
What are the prime factors of 504254540?
2, 5, 47, 536441
List the prime factors of 26863722.
2, 3, 701, 2129
What are the prime factors of 142086977?
1669, 85133
What are the prime factors of 189629352?
2, 3, 11, 239431
What are the prime factors of 5385188565?
3, 5, 4673, 25609
What are the prime factors of 14052057?
3, 23, 203653
List the prime factors of 2722924777.
18401, 147977
What are the prime factors of 366932910?
2, 3, 5, 353, 34649
What are the prime factors of 302522042?
2, 443, 341447
List the prime factors of 1823440045.
5, 7, 1613, 32299
List the prime factors of 538126059.
3, 29, 6185357
List the prime factors of 4231427710.
2, 5, 423142771
What are the prime factors of 698097727?
3851, 181277
What are the prime factors of 45710485?
5, 19, 131, 3673
What are the prime factors of 12095896?
2, 263, 5749
What are the prime factors of 460945885?
5, 167, 552031
What are the prime factors of 332065408?
2, 89, 103, 283
What are the prime factors of 1336992940?
2, 5, 66849647
List the prime factors of 647553747.
3, 269, 802421
What are the prime factors of 495616840?
2, 5, 31, 399691
List the prime factors of 111421328.
2, 1213, 5741
List the prime factors of 55961517.
3, 19, 397, 2473
What are the prime factors of 67872031?
67872031
List the prime factors of 1995118.
2, 263, 3793
What are the prime factors of 2397069791?
29, 113, 731483
What are the prime factors of 585521728?
2, 11, 831707
What are the prime factors of 39937579?
11, 31, 117119
List the prime factors of 368672938.
2, 2243, 82183
List the prime factors of 56261144.
2, 311, 22613
What are the prime factors of 2408762753?
19, 6672473
What are the prime factors of 175594787?
175594787
List the prime factors of 1093393.
7, 19, 8221
What are the prime factors of 647682889?
7, 47, 1968641
List the prime factors of 150747725.
5, 911, 6619
List the prime factors of 947843596.
2, 7, 33851557
What are the prime factors of 69580365?
3, 5, 4638691
List the prime factors of 19300693.
31, 622603
List the prime factors of 3043968896.
2, 23781007
List the prime factors of 8493506841.
3, 2831168947
What are the prime factors of 33890542?
2, 7, 73, 33161
List the prime factors of 506110694.
2, 461, 548927
List the prime factors of 81913088.
2, 319973
List the prime factors of 31890703.
13, 503, 4877
List the prime factors of 5553045489.
3, 103, 17971021
List the prime factors of 21300290.
2, 5, 11, 83, 2333
List the prime factors of 60182221.
11, 29, 83, 2273
List the prime factors of 1322172859.
7, 188881837
What are the prime factors of 25934491?
11, 73, 32297
What are the prime factors of 163187056?
2, 157, 167, 389
What are the prime factors of 723857581?
21589, 33529
List the prime factors of 258394790.
2, 5, 25839479
What are the prime factors of 38341481?
97, 395273
List the prime factors of 19201753.
19201753
What are the prime factors of 1602020156?
2, 11, 59, 56101
List the prime factors of 498799326.
2, 3, 613, 135617
List the prime factors of 1901929622.
2, 950964811
What are the prime factors of 17270439?
3, 947, 6079
What are the prime factors of 260899729?
260899729
What are the prime factors of 862808942?
2, 53, 8139707
What are the prime factors of 493866749?
493866749
List the prime factors of 703899604.
2, 175974901
List the prime factors of 10743402.
2, 3, 389, 4603
List the prime factors of 657357668.
2, 11, 19, 71483
List the prime factors of 29704783.
2543, 11681
List the prime factors of 24683397.
3, 8227799
What are the prime factors of 80738764?
2, 20184691
List the prime factors of 40360290.
2, 3, 5, 1345343
List the prime factors of 56954836.
2, 14238709
What are the prime factors of 280638091?
17, 769, 21467
List the prime